9)). Suppose -3*g + h + b = 0, 5*g = h + 2*h + 4633. Is g prime?
True
Let k = 28 + -21. Let h(y) = -273*y + 4. Let f be h(k). Let z = -514 - f. Is z composite?
True
Let o = -3567 + -4083. Let r = 2657 - o. Is r a prime number?
False
Suppose -5*a - 4*o = 10 - 65, 5*a = -3*o + 50. Is -3 + 474*(-3 + a) a composite number?
True
Suppose r + 7 = 7. Suppose r = -2*h - 3883 + 20585. Is h composite?
True
Let b(c) = 7*c + 123. Let o be b(-17). Suppose 5*t + 6*p - 2*p - 156425 = 0, 3*p + 125140 = o*t. Is t a composite number?
True
Suppose 9*r = 5*r + 1468. Suppose -4*t = -k + r, -k = 3*k + 4*t - 1368. Is k a composite number?
False
Let y = 310836 + -127755. Is y prime?
False
Let i(w) = 115*w**2 + 2*w - 8. Let a be i(-11). Suppose a - 1908 = 7*f. Is f composite?
True
Suppose 5*q + 77 = -2*q. Let x be 9/(-3) - (41*q + 2). Suppose -7*c = -6*c - x. Is c a prime number?
False
Let k be (6/(-8))/((-85)/340). Is 2/(-10) - k/10*-38904 composite?
True
Let c(w) = 2*w**3 - 10 + 5*w - 5*w**2 - w**2 - 8*w**2 + 3*w**2. Let v be c(10). Suppose -5*f + 601 + v = 2*y, 5*y = -f + 322. Is f a prime number?
True
Let j(b) = 6*b**3 - 27*b**2 + 62*b + 47. Is j(22) composite?
True
Suppose -2*q + 39600 + 31699 = -l, -4*l = -4*q + 142584. Is q a composite number?
True
Let q = 17 - 10. Suppose l - q = 5*k - 2*k, -3*k - 13 = 2*l. Is ((-1)/l)/(5/4930) composite?
True
Let x(f) = 36*f**2 - f + 1. Let i be x(1). Suppose -p = -4*p - i. Is (4677/(-2))/(p/8) composite?
False
Suppose 20693480 = 40*r - 62*r + 30*r. Is r a prime number?
False
Let b = 45009 + -17420. Is b a composite number?
True
Suppose -2*h - 496218 = -16*c, -16 = 3*h - 1. Is c a composite number?
False
Is (-2)/(-4) + 1626280/80 a prime number?
False
Suppose 3*v = 3*z + 52662, 5*z + 93507 = -3*v + 5705. Is (21 + -5)/4*z/(-8) a prime number?
True
Let t be (-4)/18 - (-5 - 19182/54). Let s = t - 61. Is s a prime number?
False
Let l(i) be the third derivative of i**6/60 - 11*i**4/24 - 4*i**3/3 + 60*i**2. Let q(s) = s**3 + 8*s**2 - 11*s - 12. Let p be q(-9). Is l(p) a prime number?
False
Let p = -46130 + 300723. Is p composite?
False
Let k = 4887 + -3001. Let t = k + 2673. Is t composite?
True
Let p(z) = -269*z**3 + 16*z**2 + 50*z + 37. Is p(-4) a prime number?
False
Let s be 74/10 - ((-91)/35 - -3). Let l(x) = 3*x**3 + 2*x**2 - 9*x + 5. Is l(s) prime?
True
Suppose 66*u - 68*u - 98574 = -2*p, 13*p = 4*u + 640677. Is p a prime number?
False
Let l(p) = -p**3 - 6*p**2 - 7*p - 7. Let m be l(-6). Suppose 8148 = m*r - 23*r. Is r composite?
True
Let o be (128/80)/(2/(-5)). Let z(b) = -22*b**3 + 3*b**2 + 8*b + 14. Is z(o) a composite number?
True
Suppose -7*n = -429 + 387. Is (-32)/48 + 3160/n a prime number?
False
Let q(h) = 1060*h**3 - 11*h**2 - 8*h - 7. Is q(6) a composite number?
False
Let j(g) = 1588*g**2 - 16*g - 17. Is j(-8) prime?
False
Let d be 12 - 9 - (-1)/(-1). Suppose 3*w = 2*n + 4597, -5*n - 7665 = -3*w - d*w. Is w prime?
True
Suppose 3*w = -3*n + 623826, 3*w = -4*n + 389130 + 442639. Is n composite?
True
Let s(k) be the first derivative of -k**4/4 - 2*k**3/3 - k**2 + 3493*k - 7. Let m = -166 - -166. Is s(m) prime?
False
Suppose 2*l + 17557 = 5*j + 379545, 0 = 5*l - 5*j - 905015. Is l composite?
True
Suppose -1694059 = -30*y + 11*y. Is y prime?
False
Suppose -66022 = -19*a + 12771. Suppose -4*x - 5*y = -7963 - 8646, -x + a = -4*y. Is x composite?
True
Let t(v) = 2*v**2 + 56*v + 30. Let z be t(-28). Suppose -144877 = -z*l + 7*l. Is l prime?
True
Let p(m) = -m**3 + 8*m**2 - 7*m. Let f be p(7). Let a be (-1 + 2 + f)*4. Suppose -a*u + 8*u - 5548 = 0. Is u prime?
False
Suppose -2115966 - 6830304 = -123*t + 1225461. Is t prime?
False
Is 93644/4 - ((-60)/(-12) - 1) a prime number?
False
Is ((-2)/11)/(36/(-5628942)) a composite number?
False
Let z = 16009 - 9298. Is z*(-4)/(-48)*20 composite?
True
Let k(f) = 40*f + 83. Let r be k(-2). Is -4 - (26425/(-15) + (-4)/r) prime?
True
Let d(c) = 3018*c**2 - 530*c - 1. Is d(-3) composite?
False
Is (-567921)/(5/(-1) + 4) composite?
True
Suppose 0 = -2*w + 4*o + 759998, -3*w - 424*o + 1139949 = -422*o. Is w prime?
False
Let y(c) = -11*c - 15. Let p be y(-5). Suppose 0*a - 4*a - p = -4*g, -5 = -3*g - 2*a. Suppose 533 = g*v - 2*x - 96, 3*v - 3*x = 372. Is v prime?
True
Let y = -6382 + 11213. Is y a prime number?
True
Suppose -59 = 2*d - 55. Let m be (-95)/(-1) + 2/(d + 4). Let r = m - -545. Is r prime?
True
Let u(w) = -27234*w - 991. Is u(-5) a composite number?
True
Let r be 2 + (3 - 20) - 0/3. Let l = -5 - r. Is (3/15 - -1)/(l/6275) a composite number?
True
Suppose 0 = 2*p - 3*p - 5, 3*y - 3*p - 105 = 0. Suppose 2122 = y*n - 28*n. Is n a composite number?
False
Let t be 3 - 1 - 7 - 110/(-11). Suppose 4*f - 5*r - 3141 = 5725, t*f - 11105 = -5*r. Is f a prime number?
False
Let g = -15864 + 245707. Is g composite?
True
Let m be (-10)/2 - (1393 - 1). Let n = -510 - m. Is n a composite number?
False
Let j be -4*-3*1/3. Let q be (j/6)/((-5)/15). Let t(v) = 231*v**2 - 1. Is t(q) prime?
False
Let l = -46 + 41. Let n be 1*(9 - (-20)/l). Suppose 4*a - p = 3*a + 696, -n*p - 25 = 0. Is a a composite number?
False
Suppose 0 = -5*g + 6970 - 570. Suppose -1355 = -2*p - x, 5*p - 4*x - 4687 = -g. Is p a prime number?
False
Suppose 1923 + 79 = a - 5*z, 2*z - 2016 = -a. Let p = a - -3911. Is p a prime number?
True
Suppose -538 = -3*a + 3*u - 2*u, -2*a + u = -360. Let d = a - -45. Is d a composite number?
False
Suppose 2*o - 12486 = -1190. Suppose 0*j = -8*j - o. Let h = 171 - j. Is h a composite number?
False
Let s(n) = -18*n**2 + 18*n - 13. Let q(p) = 18*p**2 - 17*p + 13. Let o(v) = 6*q(v) + 5*s(v). Is o(4) a prime number?
False
Let v be (-5 - -13) + -17 + 40415. Let r = v - 13267. Is r prime?
False
Suppose 9*n - 4*n = d - 9, 0 = -d - 4*n. Suppose -5*j = -d*t - 6577, j + t + 0*t = 1319. Is j prime?
False
Suppose 9*q - 10*q - 3 = -4*o, -3*o + 16 = 2*q. Suppose -364 - 17703 = -l - o*j, l - 18052 = -5*j. Is l a prime number?
True
Let r(y) = 167*y**2 + 32*y - 43. Let p be r(14). Suppose 0 = 4*w + 2*u + 2169 - p, 0 = -2*w - 3*u + 15488. Is w a prime number?
True
Suppose -b = 0, 2816 + 314 = 2*g + 3*b. Suppose -2*c + 4*k = 3*k - 7, 5*k + 3 = 2*c. Suppose -4*z - c*y = -3136, 2*z + 0*y = -3*y + g. Is z composite?
False
Suppose -26*v + 6*f + 79854 = 7*f, -4*v + 3*f = -12260. Is v prime?
False
Let m = 39 - 34. Suppose -4*a + g - 10169 = 0, -m*a - g = g + 12695. Let u = a - -3662. Is u prime?
False
Suppose 13*u + 141248 = 4*h + 15*u, -105931 = -3*h + u. Is h composite?
False
Let r = 60 + -58. Let d be (r - -1 - (1 + -2)) + -491. Let y = d - -1230. Is y prime?
True
Let o(f) = 24243*f**2 - 44*f + 139. Is o(4) a composite number?
True
Suppose 2*v - 2*s - 3761 = -3*v, 2*s = -5*v + 3769. Suppose 3*l = 6, 30*u - 28*u - 5*l + 4 = 0. Suppose v = u*z - 3876. Is z a prime number?
True
Is (-402656)/(-8) + -4 - -1 prime?
True
Let u(w) = -154*w + 132. Let s be u(7). Let r = 6279 + s. Is r prime?
True
Suppose 44*u - 754743 = 11*u. Is u a prime number?
True
Suppose 4*v - 158330 = -3*q, -3*v + 52784 = q + 2*v. Is q composite?
True
Is 10 - 2520/255 - (-21533163)/51 a composite number?
True
Suppose -1 = 2*a - 7. Suppose -3*t = -3*l - 0 + 3, -4*t + 3 = a*l. Suppose -413 = -3*o + 2*y, -o - 4*y + 161 = -t*y. Is o composite?
True
Let j = 94 - 41. Let h = -60 + j. Let m(g) = g**2 + 10*g + 32. Is m(h) composite?
False
Suppose 5*c + 4395 = 3*v + v, -3*v + 3305 = 5*c. Let d be (-3472)/(-6) + 5/15. Let o = v - d. Is o composite?
False
Let g = -1874 - -25143. Is g a composite number?
False
Let k(y) = -48061*y + 5095. Is k(-48) a composite number?
True
Suppose 5*d = -4*w + 99685, w + w - 4*d - 49862 = 0. Suppose w = 17*m - 11608. Is m a prime number?
False
Let v(p) = -2*p**2 - 11*p + 11. Let o be v(-7). Is 44/o*1570/(-4) a prime number?
False
Let w(x) = -180*x**3 + 4*x**2 + 3*x + 15. Let z be (-5)/4 - (-451)/(-164). Is w(z) prime?
True
Let w = -214 + 193. Is (-31472)/w + (1 - (-2)/(-3)) prime?
True
Suppose -2*f + 448429 = 87477 - 291426. Is f a composite number?
False
Is (-7 + 44084)*(10 - (10 - 1)) a prime number?
False
Let u = -3036 - -19275. Is u prime?
False
Suppose 0 = 25*x - 20*x - 15. Let p(d) = 472*d**3 + 3*d**2 - 3*d - 5. Is p(x) a composite number?
False
Let m = -14 + 8. Let h(n) = n**3 + 5*n**2 - 6*n + 3. Let k be h(m). Suppose k*u - 